 is -55b0 (base 12) in base 8?
-22424
Convert -13 (base 12) to base 9.
-16
What is -112110 (base 3) in base 15?
-1b0
-1 (base 4) to base 16
-1
What is -10512 (base 6) in base 2?
-10111001100
-653 (base 12) to base 16
-39f
3750 (base 14) to base 12
5722
What is -91e6 (base 15) in base 7?
-155562
What is 5417 (base 10) in base 2?
1010100101001
What is 118b8 (base 12) in base 4?
11303030
Convert 32233 (base 7) to base 3.
101222201
Convert -200 (base 14) to base 7.
-1100
What is -7176 (base 8) in base 15?
-1175
What is 94 (base 12) in base 10?
112
What is -10100011 (base 2) in base 8?
-243
What is 2131 (base 5) in base 14?
16b
What is 1221102 (base 3) in base 12?
99b
48c6 (base 13) to base 11
7816
Convert -3123 (base 9) to base 4.
-203301
What is 1d9 (base 16) in base 10?
473
What is -25268 (base 9) in base 5?
-1020431
What is b9 (base 15) in base 7?
336
Convert -231040 (base 5) to base 15.
-26b5
What is -b0c3 (base 13) in base 2?
-101111100000110
1001220 (base 3) to base 13
480
-221433 (base 6) to base 15
-5750
Convert -600 (base 15) to base 14.
-6c6
Convert -144 (base 5) to base 12.
-41
What is -9211 (base 10) in base 4?
-2033323
-111010101100 (base 2) to base 7
-13644
1000100011 (base 2) to base 9
667
Convert 12012021 (base 3) to base 14.
1547
What is -1b47 (base 12) in base 10?
-3367
101200 (base 8) to base 16
8280
What is -132c9 (base 13) in base 16?
-8b47
What is -9b1 (base 12) in base 11?
-108a
What is 110130 (base 6) in base 15?
2a86
Convert -63 (base 9) to base 14.
-41
Convert 226 (base 13) to base 14.
1c6
What is -601 (base 8) in base 5?
-3020
Convert -16146 (base 7) to base 9.
-6206
2001 (base 3) to base 16
37
Convert -1bb92 (base 12) to base 10.
-41438
What is -11414 (base 6) in base 2?
-11010000010
Convert 13030231 (base 4) to base 5.
1420420
Convert -114223 (base 6) to base 13.
-4740
What is -10111101100 (base 2) in base 5?
-22031
Convert -186c (base 14) to base 8.
-10470
-10110010 (base 2) to base 11
-152
139 (base 11) to base 3
20001
What is -201212200 (base 3) in base 10?
-14490
What is -20104 (base 11) in base 16?
-72df
-23201 (base 5) to base 10
-1676
Convert 617 (base 9) to base 15.
237
What is 7773 (base 8) in base 9?
5545
Convert -131223 (base 6) to base 15.
-382c
What is 177357 (base 8) in base 10?
65263
-17c1 (base 13) to base 10
-3537
-100130 (base 4) to base 9
-1388
Convert -1100101100011 (base 2) to base 15.
-1dd4
799d (base 14) to base 12
10273
What is -1225 (base 7) in base 16?
-1cc
Convert a15a (base 12) to base 11.
12164
What is -32243 (base 5) in base 3?
-10000102
Convert 6965 (base 16) to base 7.
141443
What is -2123013 (base 4) in base 6?
-113543
-1000101000 (base 2) to base 9
-673
What is 17a2 (base 13) in base 14?
13cc
287 (base 12) to base 4
12013
What is 10112 (base 5) in base 10?
657
65 (base 14) to base 3
10022
What is -10113 (base 5) in base 4?
-22102
What is 889 (base 15) in base 12?
1149
417 (base 11) to base 10
502
-2022201 (base 4) to base 13
-405c
What is 81154 (base 9) in base 13?
1b388
-1314 (base 11) to base 16
-6ad
Convert 10112 (base 6) to base 15.
5e5
Convert 6265 (base 8) to base 2.
110010110101
-1003 (base 8) to base 5
-4030
-419 (base 13) to base 9
-855
What is 362 (base 11) in base 16?
1af
Convert a63c (base 14) to base 5.
1404140
Convert 201301 (base 6) to base 14.
5b01
Convert c690 (base 14) to base 7.
201540
What is 533 (base 13) in base 2?
1101110111
Convert 202312 (base 5) to base 10.
6582
Convert -3362 (base 9) to base 4.
-212312
16a5 (base 13) to base 3
11120221
What is 2205 (base 7) in base 15?
379
What is 10110101 (base 2) in base 16?
b5
Convert -102d (base 14) to base 7.
-11056
What is -3430 (base 6) in base 11?
-677
-9bc9 (base 16) to base 11
-27a66
420 (base 10) to base 16
1a4
631 (base 12) to base 14
485
Convert 101101000100 (base 2) to base 6.
21204
-13122321 (base 4) to base 10
-30393
16568 (base 9) to base 7
45146
What is -1001000010 (base 2) in base 12?
-402
What is 102220 (base 5) in base 6?
23523
What is 404443 (base 5) in base 16?
3343
2063 (base 7) to base 2
1011011011
Convert 78a (base 12) to base 13.
679
What is 11011 (base 2) in base 7?
36
What is -20011 (base 5) in base 14?
-65a
Convert 128 (base 15) to base 12.
19b
Convert -212 (base 6) to base 16.
-50
What is 12432 (base 6) in base 4?
131210
1031310 (base 4) to base 6
35020
Convert 338 (base 9) to base 4.
10112
What is 34 (base 11) in base 9?
41
Convert 322410 (base 6) to base 10.
26502
What is -878 (base 14) in base 16?
-68a
Convert 10100000101000 (base 2) to base 14.
3a64
Convert 10508 (base 12) to base 14.
7b72
-633 (base 13) to base 6
-4520
-461 (base 11) to base 7
-1415
-4b4 (base 16) to base 5
-14304
What is 15353 (base 7) in base 14?
17d3
What is 100010011100 (base 2) in base 14?
b36
Convert 985 (base 10) to base 8.
1731
Convert -52422 (base 7) to base 5.
-403103
200000 (base 3) to base 10
486
683 (base 11) to base 16
331
Convert -11001000110 (base 2) to base 16.
-646
2301 (base 5) to base 13
1c1
Convert 4a7d (base 16) to base 8.
45175
1222300 (base 4) to base 13
3157
Convert -26b (base 14) to base 11.
-403
Convert 1222122 (base 3) to base 4.
112220
-165b (base 16) to base 8
-13133
Convert -2939 (base 12) to base 9.
-6520
What is -6053 (base 9) in base 2?
-1000101000110
-651 (base 15) to base 4
-112102
1411 (base 5) to base 14
127
What is -c37 (base 14) in base 15?
-aa1
-111522 (base 8) to base 5
-2201324
Convert 12741 (base 9) to base 7.
34066
-10b3 (base 13) to base 15
-a63
What is -11004 (base 9) in base 10?
-7294
What is -1831 (base 11) in base 14?
-bc9
-465 (base 13) to base 10
-759
What is -111031 (base 4) in base 8?
-2515
Convert -29a6 (base 12) to base 9.
-6620
What is 231313 (base 4) in base 8?
5567
31203 (base 5) to base 7
5662
1327 (base 10) to base 2
10100101111
Convert -121021 (base 3) to base 8.
-667
What is -18b2 (base 13) in base 4?
-321232
Convert 1e4 (base 15) to base 6.
2011
22002200 (base 3) to base 13
28c2
What is -37a0 (base 11) in base 14?
-1b38
Convert 101010 (base 2) to base 8.
52
Convert -33033 (base 4) to base 9.
-1303
Convert 11240 (base 5) to base 15.
39a
What is 1a1 (base 11) in base 6?
1024
-2829 (base 10) to base 15
-c89
What is -8602 (base 15) in base 10?
-28352
Convert -11100100 (base 2) to base 12.
-170
Convert 3681 (base 10) to base 3.
12001100
-301d (base 15) to base 7
-41413
What is 101122021 (base 3) in base 8?
17114
What is 115161 (base 7) in base 11?
14875
-88360 (base 9) to base 15
-1257c
Convert 3284 (base 10) to base 16.
cd4
Convert 3122220 (base 4) to base 3.
201012020
What is -416d (base 15) in base 6?
-144004
Convert 17177 (base 14) to base 8.
161105
What is 1000022111 (base 3) in base 8?
46710
What is -a2b (base 12) in base 5?
-21400
Convert -325 (base 11) to base 15.
-1b0
What is 2694 (base 16) in base 4?
2122110
-2f7f (base 16) to base 3
-121200100
Convert 2141 (base 12) to base 13.
1879
What is 18c0 (base 15) in base 11?
4029
Convert -10000 (base 7) to base 9.
-3257
Convert 405133 (base 6) to base 10.
32241
What is -4669 (base 13) in base 4?
-2122201
-6056 (base 12) to base 7
-42264
Convert -104424 (base 6) to base 8.
-21140
-343 (base 15) to base 14
-3aa
Convert 21626 (base 7) to base 14.
1dbd
Convert -303 (base 13) to base 12.
-366
Convert -101011 (base 3) to base 9.
-334
Convert 101000011100101 (base 2) to base 13.
9570
Convert -22301121 (base 4) to base 8.
-126131
Convert 106 (base 13) to base 4.
2233
Convert -100011 (base 4) to base 8.
-2005
What is -1727 (base 8) in base 3?
-1100102
220222012 (base 3) to base 11
12749
-1ca (base 15) to base 2
-110011111
-399 (base 12) to base 7
-1413
Convert -19529 (base 10) to base 8.
-46111
41481 (base 10) to base 4
22020021
f38 (base 16) to base 9
5308
-1315 (base 6) to base 2
-101001111
What is e24 (base 16) in base 6?
24432
-423232 (base 5) to base 7
-56243
Convert -43b (base 14) to base 15.
-3ac
What is 36b0 (base 12) in base 11?
4709
What is 111111011111 (base 2) in base 6?
30451
What is 1050 (base 11) in base 15?
626
What is -761b (base 12) in base 15?
-3ca8
1021120 (base 3) to base 6
4153
What is 1145 (base 16) in base 11?
335a
What is -110011011110 (base 2) in base 5?
-101134
-5c2 (base 13) to base 14
-519
Convert -167b (base 13) to base 9.
-4481
Convert 1030 (base 5) to base 4.
2030
Convert 2db (base 15)